{"id":568,"date":"2026-04-15T14:27:03","date_gmt":"2026-04-15T14:27:03","guid":{"rendered":"https:\/\/promusica.szegedikonzi.hu\/?page_id=568"},"modified":"2026-04-15T14:31:01","modified_gmt":"2026-04-15T14:31:01","slug":"jelentkezesi-lap-regi-novendekek-szamara","status":"publish","type":"page","link":"https:\/\/promusica.szegedikonzi.hu\/?page_id=568","title":{"rendered":"Jelentkez\u00e9si lap"},"content":{"rendered":"<p><a href=\"https:\/\/promusica.szegedikonzi.hu\/wp-content\/uploads\/2026\/04\/Jelentkezesi-lap-regi-novendekek-szamara-2026-27.pdf\">Jelentkez\u00e9si lap r\u00e9gi n\u00f6vend\u00e9kek sz\u00e1m\u00e1ra &#8211; 2026-27<\/a><\/p>\n","protected":false},"excerpt":{"rendered":"<p>Jelentkez\u00e9si lap r\u00e9gi n\u00f6vend\u00e9kek sz\u00e1m\u00e1ra &#8211; 2026-27<\/p>\n","protected":false},"author":2,"featured_media":0,"parent":0,"menu_order":0,"comment_status":"closed","ping_status":"closed","template":"","meta":{"footnotes":""},"class_list":["post-568","page","type-page","status-publish"],"_links":{"self":[{"href":"https:\/\/promusica.szegedikonzi.hu\/index.php?rest_route=\/wp\/v2\/pages\/568","targetHints":{"allow":["GET"]}}],"collection":[{"href":"https:\/\/promusica.szegedikonzi.hu\/index.php?rest_route=\/wp\/v2\/pages"}],"about":[{"href":"https:\/\/promusica.szegedikonzi.hu\/index.php?rest_route=\/wp\/v2\/types\/page"}],"author":[{"embeddable":true,"href":"https:\/\/promusica.szegedikonzi.hu\/index.php?rest_route=\/wp\/v2\/users\/2"}],"replies":[{"embeddable":true,"href":"https:\/\/promusica.szegedikonzi.hu\/index.php?rest_route=%2Fwp%2Fv2%2Fcomments&post=568"}],"version-history":[{"count":4,"href":"https:\/\/promusica.szegedikonzi.hu\/index.php?rest_route=\/wp\/v2\/pages\/568\/revisions"}],"predecessor-version":[{"id":575,"href":"https:\/\/promusica.szegedikonzi.hu\/index.php?rest_route=\/wp\/v2\/pages\/568\/revisions\/575"}],"wp:attachment":[{"href":"https:\/\/promusica.szegedikonzi.hu\/index.php?rest_route=%2Fwp%2Fv2%2Fmedia&parent=568"}],"curies":[{"name":"wp","href":"https:\/\/api.w.org\/{rel}","templated":true}]}}